{"id":16,"date":"2019-10-28T09:38:40","date_gmt":"2019-10-28T09:38:40","guid":{"rendered":"http:\/\/www.autometform.pwr.edu.pl\/?page_id=16"},"modified":"2026-02-12T15:59:16","modified_gmt":"2026-02-12T15:59:16","slug":"venue","status":"publish","type":"page","link":"https:\/\/www.autometform.pwr.edu.pl\/index.php\/venue\/","title":{"rendered":"Venue"},"content":{"rendered":"\n<div class=\"wp-block-stackable-image stk-block-image has-text-align-center stk-block stk-2d930d5\" data-block-id=\"2d930d5\"><figure><span class=\"stk-img-wrapper stk-image--shape-stretch\"><img loading=\"lazy\" decoding=\"async\" class=\"stk-img wp-image-459\" src=\"http:\/\/www.autometform.pwr.edu.pl\/wp-content\/uploads\/2026\/01\/Congress3.png\" width=\"1289\" height=\"273\" srcset=\"https:\/\/www.autometform.pwr.edu.pl\/wp-content\/uploads\/2026\/01\/Congress3.png 1289w, https:\/\/www.autometform.pwr.edu.pl\/wp-content\/uploads\/2026\/01\/Congress3-300x64.png 300w, https:\/\/www.autometform.pwr.edu.pl\/wp-content\/uploads\/2026\/01\/Congress3-1024x217.png 1024w, https:\/\/www.autometform.pwr.edu.pl\/wp-content\/uploads\/2026\/01\/Congress3-768x163.png 768w\" sizes=\"auto, (max-width: 1289px) 100vw, 1289px\" \/><\/span><\/figure><\/div>\n\n\n\n<p>The conference will be held at the Congress Center of Wroc\u0142aw University of Science and Technology, in Wroc\u0142aw, the largest city in western Poland. Wroc\u0142aw is a city with over a thousand years of history, where tradition meets modernity. The city is well connected with most European cities.<br><\/p>\n\n\n\n<p><a href=\"https:\/\/www.google.com\/maps\/place\/%C5%81ukasiewicza+7,+50-371+Wroc%C5%82aw\/@51.1083214,17.0631406,17z\/data=!3m1!4b1!4m5!3m4!1s0x470fe82a23060bf3:0x9f10f49ec2cc2ac8!8m2!3d51.1083214!4d17.0653293\">Faculty of Mechanical Engineering<\/a><br><a href=\"https:\/\/www.google.com\/maps\/place\/%C5%81ukasiewicza+7,+50-371+Wroc%C5%82aw\/@51.1083214,17.0631406,17z\/data=!3m1!4b1!4m5!3m4!1s0x470fe82a23060bf3:0x9f10f49ec2cc2ac8!8m2!3d51.1083214!4d17.0653293\">Department of Metal Forming and Metrology<\/a><br>Wroc\u0142aw University of Science and Technology, <br>ul. Janiszewskiego 8, <br>50-372 Wroc\u0142aw<br>Poland<\/p>\n\n\n<p><iframe loading=\"lazy\" src=\"https:\/\/www.google.com\/maps\/d\/embed?mid=1dd_U1gKCJb36DuhVznfJJyrSAyucKYk&#038;ehbc=2E312F&#038;noprof=1\" width=\"1180\" height=\"480\"><\/iframe><\/p>\n\n\n\n<div class=\"wp-block-stackable-columns stk-block-columns stk-block stk-0b860f6\" data-block-id=\"0b860f6\"><style>.stk-0b860f6-column{max-width:1500px !important;min-width:auto !important;}<\/style><div class=\"stk-row stk-inner-blocks stk-block-content stk-content-align stk-0b860f6-column\">\n<div class=\"wp-block-stackable-column stk-block-column stk-column stk-block stk-a89d693\" data-v=\"4\" data-block-id=\"a89d693\"><style>@media screen and (min-width: 768px){.stk-a89d693 {flex:var(--stk-flex-grow, 1) 1 calc(60.19999999999999% - var(--stk-column-gap, 0px) * 1 \/ 2 ) !important;}}<\/style><div class=\"stk-column-wrapper stk-block-column__content stk-container stk-a89d693-container stk--no-background stk--no-padding\"><div class=\"stk-block-content stk-inner-blocks stk-a89d693-inner-blocks\">\n<div class=\"wp-block-stackable-image stk-block-image stk-block stk-a7eb895\" data-block-id=\"a7eb895\"><style>.stk-a7eb895 .stk-img-wrapper{width:100% !important;height:400px !important;}<\/style><figure><span class=\"stk-img-wrapper stk-image--shape-stretch\"><img loading=\"lazy\" decoding=\"async\" class=\"stk-img wp-image-436\" src=\"http:\/\/www.autometform.pwr.edu.pl\/wp-content\/uploads\/2026\/01\/Congress1.png\" width=\"478\" height=\"603\" srcset=\"https:\/\/www.autometform.pwr.edu.pl\/wp-content\/uploads\/2026\/01\/Congress1.png 478w, https:\/\/www.autometform.pwr.edu.pl\/wp-content\/uploads\/2026\/01\/Congress1-238x300.png 238w\" sizes=\"auto, (max-width: 478px) 100vw, 478px\" \/><\/span><\/figure><\/div>\n<\/div><\/div><\/div>\n\n\n\n<div class=\"wp-block-stackable-column stk-block-column stk-column stk-block stk-763dbe4\" data-v=\"4\" data-block-id=\"763dbe4\"><style>@media screen and (min-width: 768px){.stk-763dbe4 {flex:var(--stk-flex-grow, 1) 1 calc(39.80000000000001% - var(--stk-column-gap, 0px) * 1 \/ 2 ) !important;}}<\/style><div class=\"stk-column-wrapper stk-block-column__content stk-container stk-763dbe4-container stk--no-background stk--no-padding\"><div class=\"stk-block-content stk-inner-blocks stk-763dbe4-inner-blocks\">\n<div class=\"wp-block-stackable-image stk-block-image stk-block stk-6e06c43\" data-block-id=\"6e06c43\"><style>.stk-6e06c43 .stk-img-wrapper{width:100% !important;height:400px !important;}<\/style><figure><span class=\"stk-img-wrapper stk-image--shape-stretch\"><img loading=\"lazy\" decoding=\"async\" class=\"stk-img wp-image-435\" src=\"http:\/\/www.autometform.pwr.edu.pl\/wp-content\/uploads\/2026\/01\/Congress.png\" width=\"617\" height=\"636\" srcset=\"https:\/\/www.autometform.pwr.edu.pl\/wp-content\/uploads\/2026\/01\/Congress.png 617w, https:\/\/www.autometform.pwr.edu.pl\/wp-content\/uploads\/2026\/01\/Congress-291x300.png 291w\" sizes=\"auto, (max-width: 617px) 100vw, 617px\" \/><\/span><\/figure><\/div>\n<\/div><\/div><\/div>\n<\/div><\/div>\n\n\n\n<p><\/p>\n","protected":false},"excerpt":{"rendered":"<p>The conference will be held at the Congress Center of Wroc\u0142aw University of Science and Technology, in Wroc\u0142aw, the largest &hellip; <\/p>\n","protected":false},"author":1,"featured_media":0,"parent":0,"menu_order":0,"comment_status":"closed","ping_status":"closed","template":"","meta":{"footnotes":""},"class_list":["post-16","page","type-page","status-publish","hentry"],"featured_image_urls_v2":{"full":"","thumbnail":"","medium":"","medium_large":"","large":"","1536x1536":"","2048x2048":"","business-times-slider":"","business-times-with-sidebar":"","business-times-without-sidebar":"","business-times-about":"","business-times-recent-post":"","business-times-portfolio":"","business-times-three-col":""},"post_excerpt_stackable_v2":"<p>The conference will be held at the Congress Center of Wroc\u0142aw University of Science and Technology, in Wroc\u0142aw, the largest city in western Poland. Wroc\u0142aw is a city with over a thousand years of history, where tradition meets modernity. The city is well connected with most European cities. Faculty of Mechanical EngineeringDepartment of Metal Forming and MetrologyWroc\u0142aw University of Science and Technology, ul. Janiszewskiego 8, 50-372 Wroc\u0142awPoland<\/p>\n","category_list_v2":"","author_info_v2":{"name":"kbzowski","url":"https:\/\/www.autometform.pwr.edu.pl\/index.php\/author\/kbzowski\/"},"comments_num_v2":"0 comments","_links":{"self":[{"href":"https:\/\/www.autometform.pwr.edu.pl\/index.php\/wp-json\/wp\/v2\/pages\/16","targetHints":{"allow":["GET"]}}],"collection":[{"href":"https:\/\/www.autometform.pwr.edu.pl\/index.php\/wp-json\/wp\/v2\/pages"}],"about":[{"href":"https:\/\/www.autometform.pwr.edu.pl\/index.php\/wp-json\/wp\/v2\/types\/page"}],"author":[{"embeddable":true,"href":"https:\/\/www.autometform.pwr.edu.pl\/index.php\/wp-json\/wp\/v2\/users\/1"}],"replies":[{"embeddable":true,"href":"https:\/\/www.autometform.pwr.edu.pl\/index.php\/wp-json\/wp\/v2\/comments?post=16"}],"version-history":[{"count":22,"href":"https:\/\/www.autometform.pwr.edu.pl\/index.php\/wp-json\/wp\/v2\/pages\/16\/revisions"}],"predecessor-version":[{"id":542,"href":"https:\/\/www.autometform.pwr.edu.pl\/index.php\/wp-json\/wp\/v2\/pages\/16\/revisions\/542"}],"wp:attachment":[{"href":"https:\/\/www.autometform.pwr.edu.pl\/index.php\/wp-json\/wp\/v2\/media?parent=16"}],"curies":[{"name":"wp","href":"https:\/\/api.w.org\/{rel}","templated":true}]}}